{"id":222,"date":"2020-07-09T13:20:15","date_gmt":"2020-07-09T12:20:15","guid":{"rendered":"http:\/\/pminterim.de\/?page_id=222"},"modified":"2021-01-20T16:15:44","modified_gmt":"2021-01-20T14:15:44","slug":"kontakt","status":"publish","type":"page","link":"https:\/\/pminterim.de\/?page_id=222","title":{"rendered":"Kontakt"},"content":{"rendered":"<div class=\"post-content\"><p class=\"fonts-plugin-block \" style=\"font-family: Red Hat Text !important;font-weight: 400 !important;font-size: 17px !important;line-height: 1.3 !important;color: #656565 !important\">Ich freue mich, wenn ich Ihnen Ihre Fragen beantworten darf. Lassen Sie uns austauschen: \u00fcber Ihre aktuelle Situation, die daraus resultierenden Herausforderungen, Ihre grundlegenden Ziele sowie Ihre Gedanken in Bezug auf die zu ergreifenden  Ma\u00dfnahmen. Gemeinsam stellen wir fest, wie ich Sie auf Ihrem Weg unterst\u00fctzen kann.<br><br>Ich stehe gerne jederzeit zur Verf\u00fcgung.<\/p>\n\n\n<div class=\"wp-block-columns is-layout-flex wp-container-core-columns-is-layout-9d6595d7 wp-block-columns-is-layout-flex\">\n<div class=\"wp-block-column is-layout-flow wp-block-column-is-layout-flow\"><style>.kadence-form-_4e7372-44 .kb-form .kadence-blocks-form-field .kb-text-style-field, .kadence-form-_4e7372-44 .kb-form .kadence-blocks-form-field .kb-select-style-field{font-size:17px;line-height:15px;}.kadence-form-_4e7372-44 .kb-form .kadence-blocks-form-field > label{font-size:16px;line-height:22px;}.kadence-form-_4e7372-44 .kb-form .kadence-blocks-form-field.kb-accept-form-field .kb-checkbox-style{font-size:22px;height:1em;}.kadence-form-_4e7372-44 .kb-form .kadence-blocks-form-field .kb-forms-submit{background:#232d47;}.kadence-form-_4e7372-44 .kb-form .kadence-blocks-form-field .kb-forms-submit{font-size:14px;}.kb-form input.kadence-blocks-field.verify{opacity:0.0;position:absolute;top:0.0;left:0.0;width:0.0;height:0.0;z-index:-1;}<\/style>\n<div class=\"wp-block-kadence-form kadence-form-_4e7372-44 kb-form-wrap\"><form class=\"kb-form\" action=\"\" method=\"post\"><div class=\"kadence-blocks-form-field kb-field-desk-width-100 kb-input-size-custom\"><label for=\"kb_field__4e7372-44_0\">Unternehmen<\/label><input name=\"kb_field_0\" id=\"kb_field__4e7372-44_0\" data-label=\"Unternehmen\" type=\"text\" placeholder=\"\" value=\"\" data-type=\"text\" class=\"kb-field kb-text-style-field kb-text-field kb-field-0\"\/><\/div><div class=\"kadence-blocks-form-field kb-form-field-1 kb-field-desk-width-100 kb-input-size-custom\"><label for=\"kb_field__4e7372-44_1\">Name<span class=\"required\">*<\/span><\/label><input name=\"kb_field_1\" id=\"kb_field__4e7372-44_1\" data-label=\"Name\" type=\"text\" placeholder=\"\" value=\"\" data-type=\"text\" class=\"kb-field kb-text-style-field kb-text-field kb-field-1\" data-required=\"yes\"\/><\/div><div class=\"kadence-blocks-form-field kb-form-field-2 kb-field-desk-width-100 kb-input-size-custom\"><label for=\"kb_field__4e7372-44_2\">E-Mail<span class=\"required\">*<\/span><\/label><input name=\"kb_field_2\" id=\"kb_field__4e7372-44_2\" data-label=\"E-Mail\" type=\"email\" placeholder=\"\" value=\"\" data-type=\"email\" class=\"kb-field kb-text-style-field kb-email-field kb-field-2\" data-required=\"yes\"\/><\/div><div class=\"kadence-blocks-form-field kb-form-field-3 kb-field-desk-width-100 kb-input-size-custom\"><label for=\"kb_field__4e7372-44_3\">Nachricht<span class=\"required\">*<\/span><\/label><textarea name=\"kb_field_3\" id=\"kb_field__4e7372-44_3\" data-label=\"Nachricht\" type=\"textarea\" placeholder=\"\" data-type=\"textarea\" class=\"kb-field kb-text-style-field kb-textarea-field kb-field-3\" rows=\"4\" data-required=\"yes\"><\/textarea><\/div><input type=\"hidden\" name=\"_kb_form_id\" value=\"_4e7372-44\"\/><input type=\"hidden\" name=\"_kb_form_post_id\" value=\"222\"\/><input type=\"hidden\" name=\"action\" value=\"kb_process_ajax_submit\"\/><input class=\"kadence-blocks-field verify\" type=\"text\" name=\"_kb_verify_email\" autocomplete=\"off\" placeholder=\"Email\" tabindex=\"-1\"\/><div class=\"kadence-blocks-form-field kb-submit-field kb-field-desk-width-33\"><button class=\"kb-forms-submit button kb-button-size-small kb-button-width-auto\">Submit<\/button><\/div><\/form><\/div>\n<noscript><div class=\"kadence-blocks-form-message kadence-blocks-form-warning\">Bitte aktiviere JavaScript in deinem Browser, um dieses Formular fertigzustellen.<\/div><style>.kadence-form-_4e7372-44 .kadence-blocks-form-field.kb-submit-field { display: none; }<\/style><\/noscript><\/div>\n\n\n\n<div class=\"wp-block-column is-layout-flow wp-block-column-is-layout-flow\">\n<div class=\"wp-block-image\"><figure class=\"alignright size-large is-resized\"><img loading=\"lazy\" decoding=\"async\" src=\"https:\/\/pminterim.de\/wp-content\/uploads\/2020\/10\/contact-us-1908763_1920_Contact_SW-2-1024x294.png\" alt=\"\" class=\"wp-image-1031\" width=\"202\" height=\"57\" srcset=\"https:\/\/pminterim.de\/wp-content\/uploads\/2020\/10\/contact-us-1908763_1920_Contact_SW-2-1024x294.png 1024w, https:\/\/pminterim.de\/wp-content\/uploads\/2020\/10\/contact-us-1908763_1920_Contact_SW-2-300x86.png 300w, https:\/\/pminterim.de\/wp-content\/uploads\/2020\/10\/contact-us-1908763_1920_Contact_SW-2-768x220.png 768w, https:\/\/pminterim.de\/wp-content\/uploads\/2020\/10\/contact-us-1908763_1920_Contact_SW-2-1536x441.png 1536w, https:\/\/pminterim.de\/wp-content\/uploads\/2020\/10\/contact-us-1908763_1920_Contact_SW-2.png 1920w\" sizes=\"auto, (max-width: 202px) 100vw, 202px\" \/><\/figure><\/div>\n\n\n<p class=\"fonts-plugin-block \" style=\"font-family: Red Hat Text !important;font-size: 17px !important;line-height: 1.3 !important;text-align: right !important;color: #656565 !important\"><br><br><br>PMinterim GmbH<br>Krifteler Stra\u00dfe 23<br>60326 Frankfurt am Main<br>Mobil: +49 173 701 800 3<br>E-Mail: <a href=\"mailto:mail@pminterim.de\">mail@pminterim.de<\/a><\/p>\n\n<p class=\"fonts-plugin-block \" style=\"text-align: right !important\"><a href=\"https:\/\/pminterim.de\/wp-content\/uploads\/2020\/10\/PMinterim-GmbH.vcf\">download vCard<\/a><\/p><\/div>\n<\/div>\n\n\n\n<p><\/p>\n<\/div>","protected":false},"excerpt":{"rendered":"","protected":false},"author":1,"featured_media":0,"parent":0,"menu_order":0,"comment_status":"closed","ping_status":"closed","template":"","meta":{"footnotes":""},"class_list":["post-222","page","type-page","status-publish","hentry"],"yoast_head":"<!-- This site is optimized with the Yoast SEO plugin v27.4 - https:\/\/yoast.com\/product\/yoast-seo-wordpress\/ -->\n<title>Kontakt - PMinterim GmbH<\/title>\n<meta name=\"robots\" content=\"index, follow, max-snippet:-1, max-image-preview:large, max-video-preview:-1\" \/>\n<link rel=\"canonical\" href=\"https:\/\/pminterim.de\/?page_id=222\" \/>\n<meta name=\"twitter:card\" content=\"summary_large_image\" \/>\n<meta name=\"twitter:title\" content=\"Kontakt - PMinterim GmbH\" \/>\n<meta name=\"twitter:image\" content=\"https:\/\/pminterim.de\/wp-content\/uploads\/2020\/10\/contact-us-1908763_1920_Contact_SW-2.png\" \/>\n<meta name=\"twitter:label1\" content=\"Gesch\u00e4tzte Lesezeit\" \/>\n\t<meta name=\"twitter:data1\" content=\"1\u00a0Minute\" \/>\n<script type=\"application\/ld+json\" class=\"yoast-schema-graph\">{\"@context\":\"https:\\\/\\\/schema.org\",\"@graph\":[{\"@type\":\"WebPage\",\"@id\":\"https:\\\/\\\/pminterim.de\\\/?page_id=222\",\"url\":\"https:\\\/\\\/pminterim.de\\\/?page_id=222\",\"name\":\"Kontakt - PMinterim GmbH\",\"isPartOf\":{\"@id\":\"https:\\\/\\\/pminterim.de\\\/#website\"},\"primaryImageOfPage\":{\"@id\":\"https:\\\/\\\/pminterim.de\\\/?page_id=222#primaryimage\"},\"image\":{\"@id\":\"https:\\\/\\\/pminterim.de\\\/?page_id=222#primaryimage\"},\"thumbnailUrl\":\"https:\\\/\\\/pminterim.de\\\/wp-content\\\/uploads\\\/2020\\\/10\\\/contact-us-1908763_1920_Contact_SW-2-1024x294.png\",\"datePublished\":\"2020-07-09T12:20:15+00:00\",\"dateModified\":\"2021-01-20T14:15:44+00:00\",\"breadcrumb\":{\"@id\":\"https:\\\/\\\/pminterim.de\\\/?page_id=222#breadcrumb\"},\"inLanguage\":\"de\",\"potentialAction\":[{\"@type\":\"ReadAction\",\"target\":[\"https:\\\/\\\/pminterim.de\\\/?page_id=222\"]}]},{\"@type\":\"ImageObject\",\"inLanguage\":\"de\",\"@id\":\"https:\\\/\\\/pminterim.de\\\/?page_id=222#primaryimage\",\"url\":\"https:\\\/\\\/pminterim.de\\\/wp-content\\\/uploads\\\/2020\\\/10\\\/contact-us-1908763_1920_Contact_SW-2.png\",\"contentUrl\":\"https:\\\/\\\/pminterim.de\\\/wp-content\\\/uploads\\\/2020\\\/10\\\/contact-us-1908763_1920_Contact_SW-2.png\",\"width\":1920,\"height\":551},{\"@type\":\"BreadcrumbList\",\"@id\":\"https:\\\/\\\/pminterim.de\\\/?page_id=222#breadcrumb\",\"itemListElement\":[{\"@type\":\"ListItem\",\"position\":1,\"name\":\"Startseite\",\"item\":\"https:\\\/\\\/pminterim.de\\\/\"},{\"@type\":\"ListItem\",\"position\":2,\"name\":\"Kontakt\"}]},{\"@type\":\"WebSite\",\"@id\":\"https:\\\/\\\/pminterim.de\\\/#website\",\"url\":\"https:\\\/\\\/pminterim.de\\\/\",\"name\":\"PMinterim GmbH\",\"description\":\"Interim Management | Transformation | Consulting\",\"publisher\":{\"@id\":\"https:\\\/\\\/pminterim.de\\\/#\\\/schema\\\/person\\\/4e09ce0c5c1806e7b940f88101e14c5b\"},\"potentialAction\":[{\"@type\":\"SearchAction\",\"target\":{\"@type\":\"EntryPoint\",\"urlTemplate\":\"https:\\\/\\\/pminterim.de\\\/?s={search_term_string}\"},\"query-input\":{\"@type\":\"PropertyValueSpecification\",\"valueRequired\":true,\"valueName\":\"search_term_string\"}}],\"inLanguage\":\"de\"},{\"@type\":[\"Person\",\"Organization\"],\"@id\":\"https:\\\/\\\/pminterim.de\\\/#\\\/schema\\\/person\\\/4e09ce0c5c1806e7b940f88101e14c5b\",\"name\":\"webmaster\",\"image\":{\"@type\":\"ImageObject\",\"inLanguage\":\"de\",\"@id\":\"https:\\\/\\\/secure.gravatar.com\\\/avatar\\\/726f73f8832e95967974e3b6555f201819ac821eb3c7b42417b3bfcc35460d83?s=96&d=mm&r=g\",\"url\":\"https:\\\/\\\/secure.gravatar.com\\\/avatar\\\/726f73f8832e95967974e3b6555f201819ac821eb3c7b42417b3bfcc35460d83?s=96&d=mm&r=g\",\"contentUrl\":\"https:\\\/\\\/secure.gravatar.com\\\/avatar\\\/726f73f8832e95967974e3b6555f201819ac821eb3c7b42417b3bfcc35460d83?s=96&d=mm&r=g\",\"caption\":\"webmaster\"},\"logo\":{\"@id\":\"https:\\\/\\\/secure.gravatar.com\\\/avatar\\\/726f73f8832e95967974e3b6555f201819ac821eb3c7b42417b3bfcc35460d83?s=96&d=mm&r=g\"}}]}<\/script>\n<!-- \/ Yoast SEO plugin. -->","yoast_head_json":{"title":"Kontakt - PMinterim GmbH","robots":{"index":"index","follow":"follow","max-snippet":"max-snippet:-1","max-image-preview":"max-image-preview:large","max-video-preview":"max-video-preview:-1"},"canonical":"https:\/\/pminterim.de\/?page_id=222","twitter_card":"summary_large_image","twitter_title":"Kontakt - PMinterim GmbH","twitter_image":"https:\/\/pminterim.de\/wp-content\/uploads\/2020\/10\/contact-us-1908763_1920_Contact_SW-2.png","twitter_misc":{"Gesch\u00e4tzte Lesezeit":"1\u00a0Minute"},"schema":{"@context":"https:\/\/schema.org","@graph":[{"@type":"WebPage","@id":"https:\/\/pminterim.de\/?page_id=222","url":"https:\/\/pminterim.de\/?page_id=222","name":"Kontakt - PMinterim GmbH","isPartOf":{"@id":"https:\/\/pminterim.de\/#website"},"primaryImageOfPage":{"@id":"https:\/\/pminterim.de\/?page_id=222#primaryimage"},"image":{"@id":"https:\/\/pminterim.de\/?page_id=222#primaryimage"},"thumbnailUrl":"https:\/\/pminterim.de\/wp-content\/uploads\/2020\/10\/contact-us-1908763_1920_Contact_SW-2-1024x294.png","datePublished":"2020-07-09T12:20:15+00:00","dateModified":"2021-01-20T14:15:44+00:00","breadcrumb":{"@id":"https:\/\/pminterim.de\/?page_id=222#breadcrumb"},"inLanguage":"de","potentialAction":[{"@type":"ReadAction","target":["https:\/\/pminterim.de\/?page_id=222"]}]},{"@type":"ImageObject","inLanguage":"de","@id":"https:\/\/pminterim.de\/?page_id=222#primaryimage","url":"https:\/\/pminterim.de\/wp-content\/uploads\/2020\/10\/contact-us-1908763_1920_Contact_SW-2.png","contentUrl":"https:\/\/pminterim.de\/wp-content\/uploads\/2020\/10\/contact-us-1908763_1920_Contact_SW-2.png","width":1920,"height":551},{"@type":"BreadcrumbList","@id":"https:\/\/pminterim.de\/?page_id=222#breadcrumb","itemListElement":[{"@type":"ListItem","position":1,"name":"Startseite","item":"https:\/\/pminterim.de\/"},{"@type":"ListItem","position":2,"name":"Kontakt"}]},{"@type":"WebSite","@id":"https:\/\/pminterim.de\/#website","url":"https:\/\/pminterim.de\/","name":"PMinterim GmbH","description":"Interim Management | Transformation | Consulting","publisher":{"@id":"https:\/\/pminterim.de\/#\/schema\/person\/4e09ce0c5c1806e7b940f88101e14c5b"},"potentialAction":[{"@type":"SearchAction","target":{"@type":"EntryPoint","urlTemplate":"https:\/\/pminterim.de\/?s={search_term_string}"},"query-input":{"@type":"PropertyValueSpecification","valueRequired":true,"valueName":"search_term_string"}}],"inLanguage":"de"},{"@type":["Person","Organization"],"@id":"https:\/\/pminterim.de\/#\/schema\/person\/4e09ce0c5c1806e7b940f88101e14c5b","name":"webmaster","image":{"@type":"ImageObject","inLanguage":"de","@id":"https:\/\/secure.gravatar.com\/avatar\/726f73f8832e95967974e3b6555f201819ac821eb3c7b42417b3bfcc35460d83?s=96&d=mm&r=g","url":"https:\/\/secure.gravatar.com\/avatar\/726f73f8832e95967974e3b6555f201819ac821eb3c7b42417b3bfcc35460d83?s=96&d=mm&r=g","contentUrl":"https:\/\/secure.gravatar.com\/avatar\/726f73f8832e95967974e3b6555f201819ac821eb3c7b42417b3bfcc35460d83?s=96&d=mm&r=g","caption":"webmaster"},"logo":{"@id":"https:\/\/secure.gravatar.com\/avatar\/726f73f8832e95967974e3b6555f201819ac821eb3c7b42417b3bfcc35460d83?s=96&d=mm&r=g"}}]}},"_links":{"self":[{"href":"https:\/\/pminterim.de\/index.php?rest_route=\/wp\/v2\/pages\/222","targetHints":{"allow":["GET"]}}],"collection":[{"href":"https:\/\/pminterim.de\/index.php?rest_route=\/wp\/v2\/pages"}],"about":[{"href":"https:\/\/pminterim.de\/index.php?rest_route=\/wp\/v2\/types\/page"}],"author":[{"embeddable":true,"href":"https:\/\/pminterim.de\/index.php?rest_route=\/wp\/v2\/users\/1"}],"replies":[{"embeddable":true,"href":"https:\/\/pminterim.de\/index.php?rest_route=%2Fwp%2Fv2%2Fcomments&post=222"}],"version-history":[{"count":34,"href":"https:\/\/pminterim.de\/index.php?rest_route=\/wp\/v2\/pages\/222\/revisions"}],"predecessor-version":[{"id":1288,"href":"https:\/\/pminterim.de\/index.php?rest_route=\/wp\/v2\/pages\/222\/revisions\/1288"}],"wp:attachment":[{"href":"https:\/\/pminterim.de\/index.php?rest_route=%2Fwp%2Fv2%2Fmedia&parent=222"}],"curies":[{"name":"wp","href":"https:\/\/api.w.org\/{rel}","templated":true}]}}